{"id":1175,"date":"2024-11-23T00:37:37","date_gmt":"2024-11-23T00:37:37","guid":{"rendered":"https:\/\/camaemponto.com\/?post_type=product&#038;p=1175"},"modified":"2026-03-30T23:00:44","modified_gmt":"2026-03-30T22:00:44","slug":"beige-striped-sture-cushion-cover","status":"publish","type":"product","link":"https:\/\/camaemponto.com\/en\/cushions\/beige-striped-sture-cushion-cover\/","title":{"rendered":"Sture Striped Beige Cushion Cover"},"content":{"rendered":"<p>The Sture beige\/stripe cushion cover has been designed and developed to transform the bedroom environment with a warm, comfortable and naturally elegant touch of color. Its beige tone adds depth and harmony to the space, adapting easily to modern, classic or minimalist styles.<\/p>\n<p>Made from 100% cotton and weighing 470 g\/m\u00b2, this quilt offers a combination of lightness, softness and durability. The finish intensifies the soft touch and gives it a more natural and relaxed look, ideal for those looking for a piece with a rustic character and its own identity.<\/p>\n<p>The 60\u00d740 cm size makes this cushion suitable for any setting and in any home, ensuring a generous fit that enhances its aesthetics. It is easy to care for, as the washing technique gives the fabric greater softness and fluidity, which becomes resistant and retains its comfort and texture with use. The beige cushion is the ideal option for those who want to elevate their environment with a piece that combines color, quality and a design that is thought out down to the last detail.<\/p>","protected":false},"excerpt":{"rendered":"<p>A capa de almofada Sture bege\/riscas foi pensada e desenvolvida para transformar o ambiente do quarto com um toque de cor quente, confort\u00e1vel e naturalmente elegante. O seu tom bege adiciona profundidade e harmonia ao espa\u00e7o, adaptando-se facilmente a estilos modernos, cl\u00e1ssicos ou minimalistas. Com composi\u00e7\u00e3o 100% algod\u00e3o e gramagem de 470 g\/m\u00b2, esta colcha oferece a combina\u00e7\u00e3o de leveza, suavidade e durabilidade. O acabamento intensifica o toque macio e confere um aspeto mais natural e descontra\u00eddo, ideal para quem procura uma pe\u00e7a com car\u00e1ter r\u00fastico e identidade pr\u00f3pria. O tamanho 60&#215;40 cm torna esta almofada adequada para qualquer cen\u00e1rio e em qualquer casa, garantindo uma adapta\u00e7\u00e3o\u00a0 generosa\u00a0 que valoriza a est\u00e9tica da mesma. \u00c9 f\u00e1cil de cuidar,\u00a0 pois a t\u00e9cnica da lavagem proporciona maior suavidade e fluidez ao tecido, que se torna resistente e mant\u00e9m o conforto e a textura com o uso. A almofada bege \u00e9 a op\u00e7\u00e3o ideal para quem deseja elevar o ambiente com uma pe\u00e7a que junta cor, qualidade e um design pensado ao detalhe.<\/p>","protected":false},"featured_media":1731,"template":"","meta":[],"product_brand":[],"product_cat":[17],"product_tag":[],"cuidado_do_produto":[30,31,73,72,74,71,32],"origem_do_produto":[76,78,33,75,77],"class_list":{"0":"post-1175","1":"product","2":"type-product","3":"status-publish","4":"has-post-thumbnail","6":"product_cat-almofadas","7":"cuidado_do_produto-lavar-com-cores-similares","8":"cuidado_do_produto-nao-alvejar-em-agua-morna","9":"cuidado_do_produto-nao-torcer-ou-esfregar-com-forca-para-nao-danificar-a-fibra","10":"cuidado_do_produto-para-melhor-conservacao-guardar-em-local-seco-e-ventilado","11":"cuidado_do_produto-recomendado-o-uso-de-detergente-suave","12":"cuidado_do_produto-secar-a-sombra-para-preservar-a-cor-e-a-textura","13":"cuidado_do_produto-secar-na-maquina","14":"origem_do_produto-concebido-com-criterio-num-processo-alinhado-com-valores-de-responsabilidade-e-detalhe","15":"origem_do_produto-desenhado-com-identidade-propria-refletindo-a-visao-estetica-e-sensivel-do-criador-da-peca","16":"origem_do_produto-fabricado-em-portugal","17":"origem_do_produto-nascido-num-circuito-de-producao-local-com-foco-no-saber-fazer-e-na-proximidade","18":"origem_do_produto-produzido-com-fibras-naturais-criteriosamente-selecionadas-para-garantir-conforto-durabilidade-e-autenticidade","20":"first","21":"instock","22":"taxable","23":"shipping-taxable","24":"purchasable","25":"product-type-simple"},"_links":{"self":[{"href":"https:\/\/camaemponto.com\/en\/wp-json\/wp\/v2\/product\/1175","targetHints":{"allow":["GET"]}}],"collection":[{"href":"https:\/\/camaemponto.com\/en\/wp-json\/wp\/v2\/product"}],"about":[{"href":"https:\/\/camaemponto.com\/en\/wp-json\/wp\/v2\/types\/product"}],"wp:featuredmedia":[{"embeddable":true,"href":"https:\/\/camaemponto.com\/en\/wp-json\/wp\/v2\/media\/1731"}],"wp:attachment":[{"href":"https:\/\/camaemponto.com\/en\/wp-json\/wp\/v2\/media?parent=1175"}],"wp:term":[{"taxonomy":"product_brand","embeddable":true,"href":"https:\/\/camaemponto.com\/en\/wp-json\/wp\/v2\/product_brand?post=1175"},{"taxonomy":"product_cat","embeddable":true,"href":"https:\/\/camaemponto.com\/en\/wp-json\/wp\/v2\/product_cat?post=1175"},{"taxonomy":"product_tag","embeddable":true,"href":"https:\/\/camaemponto.com\/en\/wp-json\/wp\/v2\/product_tag?post=1175"},{"taxonomy":"cuidado_do_produto","embeddable":true,"href":"https:\/\/camaemponto.com\/en\/wp-json\/wp\/v2\/cuidado_do_produto?post=1175"},{"taxonomy":"origem_do_produto","embeddable":true,"href":"https:\/\/camaemponto.com\/en\/wp-json\/wp\/v2\/origem_do_produto?post=1175"}],"curies":[{"name":"wp","href":"https:\/\/api.w.org\/{rel}","templated":true}]}}

<p>A capa de almofada Sture bege/riscas foi pensada e desenvolvida para transformar o ambiente do quarto com um toque de cor quente, confortável e naturalmente elegante. O seu tom bege adiciona profundidade e harmonia ao espaço, adaptando-se facilmente a estilos modernos, clássicos ou minimalistas. Com composição 100% algodão e gramagem de 470 g/m², esta colcha oferece a combinação de leveza, suavidade e durabilidade. O acabamento intensifica o toque macio e confere um aspeto mais natural e descontraído, ideal para quem procura uma peça com caráter rústico e identidade própria. O tamanho 60&#215;40 cm torna esta almofada adequada para qualquer cenário e em qualquer casa, garantindo uma adaptação  generosa  que valoriza a estética da mesma. É fácil de cuidar,  pois a técnica da lavagem proporciona maior suavidade e fluidez ao tecido, que se torna resistente e mantém o conforto e a textura com o uso. A almofada bege é a opção ideal para quem deseja elevar o ambiente com uma peça que junta cor, qualidade e um design pensado ao detalhe.</p>
