{"id":1227,"date":"2024-11-23T01:03:35","date_gmt":"2024-11-23T01:03:35","guid":{"rendered":"https:\/\/camaemponto.com\/?post_type=product&#038;p=1227"},"modified":"2026-03-30T23:07:43","modified_gmt":"2026-03-30T22:07:43","slug":"beige-sture-cornucopias-bedspread","status":"publish","type":"product","link":"https:\/\/camaemponto.com\/en\/bedspreads\/beige-sture-cornucopias-bedspread\/","title":{"rendered":"Sture Cornucopias Beige Bedspread"},"content":{"rendered":"<p>The Sture Beige bedspread was created to transform the bedroom environment with a warm, comfortable and naturally elegant touch of color. Its beige tone adds depth and harmony to the space, adapting easily to modern, classic or minimalist styles.<\/p>\n<p>Made from 100% cotton and weighing 470 g\/m\u00b2, this quilt offers a combination of lightness, softness and durability. The finish intensifies the soft touch and gives it a more natural and relaxed look, ideal for those looking for a piece with a rustic character and its own identity.<\/p>\n<p>The 260\u00d7240 cm size makes this quilt suitable for double beds, ensuring generous coverage and a fluid fall that enhances the aesthetics of the bed. It is easy to care for, as the washing technique gives the fabric greater softness and fluidity, which becomes resistant and retains its comfort and texture with use. The beige bedspread is the ideal option for those who want to elevate their environment with a piece that combines color, quality and a design that is thought out to detail.<\/p>","protected":false},"excerpt":{"rendered":"<p>A colcha Sture Bege foi criada para transformar o ambiente do quarto com um toque de cor quente, confort\u00e1vel e naturalmente elegante. O seu tom bege adiciona profundidade e harmonia ao espa\u00e7o, adaptando-se facilmente a estilos modernos, cl\u00e1ssicos ou minimalistas. Com composi\u00e7\u00e3o 100% algod\u00e3o e gramagem de 470 g\/m\u00b2, esta colcha oferece a combina\u00e7\u00e3o de leveza, suavidade e durabilidade. O acabamento intensifica o toque macio e confere um aspeto mais natural e descontra\u00eddo, ideal para quem procura uma pe\u00e7a com car\u00e1ter r\u00fastico e identidade pr\u00f3pria. O tamanho 260&#215;240 cm torna esta colcha adequada para camas de casal, garantindo uma cobertura generosa e um cair fluido que valoriza a est\u00e9tica da cama. \u00c9 f\u00e1cil de cuidar,\u00a0 pois a t\u00e9cnica da lavagem proporciona maior suavidade e fluidez ao tecido, que se torna resistente e mant\u00e9m o conforto e a textura com o uso. A colcha bege \u00e9 a op\u00e7\u00e3o ideal para quem deseja elevar o ambiente com uma pe\u00e7a que junta cor, qualidade e um design pensado ao detalhe.<\/p>","protected":false},"featured_media":1779,"template":"","meta":[],"product_brand":[],"product_cat":[18],"product_tag":[],"cuidado_do_produto":[30,31,73,72,74,71,32],"origem_do_produto":[76,78,33,75,77],"class_list":{"0":"post-1227","1":"product","2":"type-product","3":"status-publish","4":"has-post-thumbnail","6":"product_cat-colchas","7":"cuidado_do_produto-lavar-com-cores-similares","8":"cuidado_do_produto-nao-alvejar-em-agua-morna","9":"cuidado_do_produto-nao-torcer-ou-esfregar-com-forca-para-nao-danificar-a-fibra","10":"cuidado_do_produto-para-melhor-conservacao-guardar-em-local-seco-e-ventilado","11":"cuidado_do_produto-recomendado-o-uso-de-detergente-suave","12":"cuidado_do_produto-secar-a-sombra-para-preservar-a-cor-e-a-textura","13":"cuidado_do_produto-secar-na-maquina","14":"origem_do_produto-concebido-com-criterio-num-processo-alinhado-com-valores-de-responsabilidade-e-detalhe","15":"origem_do_produto-desenhado-com-identidade-propria-refletindo-a-visao-estetica-e-sensivel-do-criador-da-peca","16":"origem_do_produto-fabricado-em-portugal","17":"origem_do_produto-nascido-num-circuito-de-producao-local-com-foco-no-saber-fazer-e-na-proximidade","18":"origem_do_produto-produzido-com-fibras-naturais-criteriosamente-selecionadas-para-garantir-conforto-durabilidade-e-autenticidade","20":"first","21":"instock","22":"taxable","23":"shipping-taxable","24":"purchasable","25":"product-type-simple"},"_links":{"self":[{"href":"https:\/\/camaemponto.com\/en\/wp-json\/wp\/v2\/product\/1227","targetHints":{"allow":["GET"]}}],"collection":[{"href":"https:\/\/camaemponto.com\/en\/wp-json\/wp\/v2\/product"}],"about":[{"href":"https:\/\/camaemponto.com\/en\/wp-json\/wp\/v2\/types\/product"}],"wp:featuredmedia":[{"embeddable":true,"href":"https:\/\/camaemponto.com\/en\/wp-json\/wp\/v2\/media\/1779"}],"wp:attachment":[{"href":"https:\/\/camaemponto.com\/en\/wp-json\/wp\/v2\/media?parent=1227"}],"wp:term":[{"taxonomy":"product_brand","embeddable":true,"href":"https:\/\/camaemponto.com\/en\/wp-json\/wp\/v2\/product_brand?post=1227"},{"taxonomy":"product_cat","embeddable":true,"href":"https:\/\/camaemponto.com\/en\/wp-json\/wp\/v2\/product_cat?post=1227"},{"taxonomy":"product_tag","embeddable":true,"href":"https:\/\/camaemponto.com\/en\/wp-json\/wp\/v2\/product_tag?post=1227"},{"taxonomy":"cuidado_do_produto","embeddable":true,"href":"https:\/\/camaemponto.com\/en\/wp-json\/wp\/v2\/cuidado_do_produto?post=1227"},{"taxonomy":"origem_do_produto","embeddable":true,"href":"https:\/\/camaemponto.com\/en\/wp-json\/wp\/v2\/origem_do_produto?post=1227"}],"curies":[{"name":"wp","href":"https:\/\/api.w.org\/{rel}","templated":true}]}}

<p>A colcha Sture Bege foi criada para transformar o ambiente do quarto com um toque de cor quente, confortável e naturalmente elegante. O seu tom bege adiciona profundidade e harmonia ao espaço, adaptando-se facilmente a estilos modernos, clássicos ou minimalistas. Com composição 100% algodão e gramagem de 470 g/m², esta colcha oferece a combinação de leveza, suavidade e durabilidade. O acabamento intensifica o toque macio e confere um aspeto mais natural e descontraído, ideal para quem procura uma peça com caráter rústico e identidade própria. O tamanho 260&#215;240 cm torna esta colcha adequada para camas de casal, garantindo uma cobertura generosa e um cair fluido que valoriza a estética da cama. É fácil de cuidar,  pois a técnica da lavagem proporciona maior suavidade e fluidez ao tecido, que se torna resistente e mantém o conforto e a textura com o uso. A colcha bege é a opção ideal para quem deseja elevar o ambiente com uma peça que junta cor, qualidade e um design pensado ao detalhe.</p>
