{"id":1251,"date":"2024-11-23T01:15:39","date_gmt":"2024-11-23T01:15:39","guid":{"rendered":"https:\/\/camaemponto.com\/?post_type=product&#038;p=1251"},"modified":"2026-04-28T05:35:06","modified_gmt":"2026-04-28T04:35:06","slug":"blomma-blanket","status":"publish","type":"product","link":"https:\/\/camaemponto.com\/en\/blankets\/blomma-blanket\/","title":{"rendered":"Blomma Blanket"},"content":{"rendered":"<p>The Blomma cotton blanket combines comfort with a delicate design that elevates any room. With an enriched soft tone that makes this blanket a unique piece with a rustic style, this decorative blanket adapts easily to living rooms and bedrooms, offering a clean and serene aesthetic. Its soft, flowing texture and mix of stitches make it ideal for creating more welcoming and luminous resting environments.<\/p>\n<p>Woven in 100% cotton, the Blomma model stands out for its touch, natural breathability and the light feel it provides for everyday use. The mix of stitches adds visual depth without losing its simplicity, making this blanket a versatile choice for both minimalist styles and more traditional decors. With a comfortable weight of 505 gr\/m2 and a construction designed to last, it offers the perfect balance between elegance and functionality.<\/p>\n<p>Measuring 130\u00d7170 cm, the Blomma cotton blanket is the ideal size for use on the sofa, bed or as a decorative element on an armchair. Easy to care for and machine washable, the washing technique gives the fabric greater softness and fluidity and maintains quality and comfort over time. It's a practical and refined piece that adds light, comfort and authenticity to your home.<\/p>","protected":false},"excerpt":{"rendered":"<p>A manta Blomma de algod\u00e3o, combina conforto e um design delicado que eleva qualquer ambiente. Com um tom suave enriquecido faz desta manta uma pe\u00e7a \u00fanica com estilo r\u00fastico, esta manta decorativa adapta-se facilmente a salas e quartos, oferecendo uma est\u00e9tica limpa e serena. A sua textura macia e fluida, pois a mistura de pontos\u00a0 torna-a ideal para criar ambientes de descanso mais acolhedores e luminosos. Tecido em 100% algod\u00e3o, o modelo Blomma destaca-se pelo toque, pela respirabilidade natural e pela sensa\u00e7\u00e3o leve que proporciona ao uso di\u00e1rio. A mistura de pontos acrescenta profundidade visual sem perder a simplicidade, tornando esta manta uma escolha vers\u00e1til tanto para estilos minimalistas como para decora\u00e7\u00f5es mais tradicionais. Com um peso confort\u00e1vel 505 gr\/m2 e uma constru\u00e7\u00e3o pensada para durar, oferece um equil\u00edbrio perfeito entre eleg\u00e2ncia e funcionalidade. Com 130&#215;170 cm, a manta Blomma em algod\u00e3o tem o tamanho ideal para usar no sof\u00e1, na cama ou como elemento decorativo num cadeir\u00e3o. F\u00e1cil de cuidar e lav\u00e1vel \u00e0 m\u00e1quina a\u00a0t\u00e9cnica da lavagem proporciona maior suavidade e fluidez ao tecido e mant\u00e9m a qualidade e o conforto com o tempo. \u00c9 uma pe\u00e7a pr\u00e1tica e refinada que acrescenta luz, conforto e autenticidade ao seu lar.<\/p>","protected":false},"featured_media":1260,"template":"","meta":[],"product_brand":[],"product_cat":[19],"product_tag":[],"cuidado_do_produto":[30,31,73,72,74,71,32],"origem_do_produto":[76,78,33,75,77],"class_list":{"0":"post-1251","1":"product","2":"type-product","3":"status-publish","4":"has-post-thumbnail","6":"product_cat-mantas","7":"cuidado_do_produto-lavar-com-cores-similares","8":"cuidado_do_produto-nao-alvejar-em-agua-morna","9":"cuidado_do_produto-nao-torcer-ou-esfregar-com-forca-para-nao-danificar-a-fibra","10":"cuidado_do_produto-para-melhor-conservacao-guardar-em-local-seco-e-ventilado","11":"cuidado_do_produto-recomendado-o-uso-de-detergente-suave","12":"cuidado_do_produto-secar-a-sombra-para-preservar-a-cor-e-a-textura","13":"cuidado_do_produto-secar-na-maquina","14":"origem_do_produto-concebido-com-criterio-num-processo-alinhado-com-valores-de-responsabilidade-e-detalhe","15":"origem_do_produto-desenhado-com-identidade-propria-refletindo-a-visao-estetica-e-sensivel-do-criador-da-peca","16":"origem_do_produto-fabricado-em-portugal","17":"origem_do_produto-nascido-num-circuito-de-producao-local-com-foco-no-saber-fazer-e-na-proximidade","18":"origem_do_produto-produzido-com-fibras-naturais-criteriosamente-selecionadas-para-garantir-conforto-durabilidade-e-autenticidade","20":"first","21":"instock","22":"taxable","23":"shipping-taxable","24":"purchasable","25":"product-type-simple"},"_links":{"self":[{"href":"https:\/\/camaemponto.com\/en\/wp-json\/wp\/v2\/product\/1251","targetHints":{"allow":["GET"]}}],"collection":[{"href":"https:\/\/camaemponto.com\/en\/wp-json\/wp\/v2\/product"}],"about":[{"href":"https:\/\/camaemponto.com\/en\/wp-json\/wp\/v2\/types\/product"}],"wp:featuredmedia":[{"embeddable":true,"href":"https:\/\/camaemponto.com\/en\/wp-json\/wp\/v2\/media\/1260"}],"wp:attachment":[{"href":"https:\/\/camaemponto.com\/en\/wp-json\/wp\/v2\/media?parent=1251"}],"wp:term":[{"taxonomy":"product_brand","embeddable":true,"href":"https:\/\/camaemponto.com\/en\/wp-json\/wp\/v2\/product_brand?post=1251"},{"taxonomy":"product_cat","embeddable":true,"href":"https:\/\/camaemponto.com\/en\/wp-json\/wp\/v2\/product_cat?post=1251"},{"taxonomy":"product_tag","embeddable":true,"href":"https:\/\/camaemponto.com\/en\/wp-json\/wp\/v2\/product_tag?post=1251"},{"taxonomy":"cuidado_do_produto","embeddable":true,"href":"https:\/\/camaemponto.com\/en\/wp-json\/wp\/v2\/cuidado_do_produto?post=1251"},{"taxonomy":"origem_do_produto","embeddable":true,"href":"https:\/\/camaemponto.com\/en\/wp-json\/wp\/v2\/origem_do_produto?post=1251"}],"curies":[{"name":"wp","href":"https:\/\/api.w.org\/{rel}","templated":true}]}}

<p>A manta Blomma de algodão, combina conforto e um design delicado que eleva qualquer ambiente. Com um tom suave enriquecido faz desta manta uma peça única com estilo rústico, esta manta decorativa adapta-se facilmente a salas e quartos, oferecendo uma estética limpa e serena. A sua textura macia e fluida, pois a mistura de pontos  torna-a ideal para criar ambientes de descanso mais acolhedores e luminosos. Tecido em 100% algodão, o modelo Blomma destaca-se pelo toque, pela respirabilidade natural e pela sensação leve que proporciona ao uso diário. A mistura de pontos acrescenta profundidade visual sem perder a simplicidade, tornando esta manta uma escolha versátil tanto para estilos minimalistas como para decorações mais tradicionais. Com um peso confortável 505 gr/m2 e uma construção pensada para durar, oferece um equilíbrio perfeito entre elegância e funcionalidade. Com 130&#215;170 cm, a manta Blomma em algodão tem o tamanho ideal para usar no sofá, na cama ou como elemento decorativo num cadeirão. Fácil de cuidar e lavável à máquina a técnica da lavagem proporciona maior suavidade e fluidez ao tecido e mantém a qualidade e o conforto com o tempo. É uma peça prática e refinada que acrescenta luz, conforto e autenticidade ao seu lar.</p>
