{"id":1252,"date":"2024-11-23T01:15:39","date_gmt":"2024-11-23T01:15:39","guid":{"rendered":"https:\/\/camaemponto.com\/?post_type=product&#038;p=1252"},"modified":"2026-03-30T22:32:43","modified_gmt":"2026-03-30T21:32:43","slug":"visdor-bedspread","status":"publish","type":"product","link":"https:\/\/camaemponto.com\/en\/bedspreads\/visdor-bedspread\/","title":{"rendered":"Visdor Bedspread"},"content":{"rendered":"<p>The Visdor bedspread was created for those looking for something bright and naturally elegant in the bedroom. Its orange hue brings color to the space, creating a feeling of spaciousness and tranquility that matches any style of decoration.<\/p>\n<p>Made from 100% cotton and with a weight of 425 g\/m\u00b2, it offers a soft and enveloping touch, providing comfort in all seasons. The texture has a natural fluidity, resulting in a piece that adapts perfectly to the bed and creates a harmonious and delicate fall. This balance between softness, quality and simplicity makes the Haarlem white bedspread a versatile and long-lasting choice.<\/p>\n<p>At 250\u00d7280 cm, it is ideal for double beds, guaranteeing generous and even coverage. Easy to care for and resistant to daily use, it's a piece designed for those who value comfort, quality and a discreet yet sophisticated design.<\/p>\n<p>The Visdor bedspread is perfect for creating a cozy, elegant and timeless atmosphere.<\/p>\n<p>&nbsp;<\/p>","protected":false},"excerpt":{"rendered":"<p>A colcha Visdor foi criada para quem procura algo luminoso e naturalmente elegante no quarto. A sua tonalidade alaranjado traz cor\u00a0 ao espa\u00e7o, criando uma sensa\u00e7\u00e3o de amplitude e tranquilidade que combina com qualquer estilo de decora\u00e7\u00e3o. Fabricada em 100% algod\u00e3o e com gramagem de 425 g\/m\u00b2, oferece um toque suave e envolvente, proporcionando conforto em todas as esta\u00e7\u00f5es. A textura apresenta uma fluidez natural, resultando numa pe\u00e7a que se adapta perfeitamente \u00e0 cama e cria um cair harmonioso e delicado. Este equil\u00edbrio entre suavidade, qualidade e simplicidade transforma a colcha branca Haarlem numa escolha vers\u00e1til e duradoura. Com 250&#215;280 cm, \u00e9 ideal para camas de casal, garantindo uma cobertura generosa e uniforme. F\u00e1cil de cuidar e resistente ao uso di\u00e1rio, \u00e9 uma pe\u00e7a pensada para quem valoriza conforto, qualidade e um design discreto mas sofisticado. A colcha Visdor \u00e9 perfeita para criar um ambiente acolhedor, elegante e intemporal. &nbsp;<\/p>","protected":false},"featured_media":1253,"template":"","meta":[],"product_brand":[],"product_cat":[18],"product_tag":[],"cuidado_do_produto":[30,31,73,72,74,71,32],"origem_do_produto":[76,78,33,75,77],"class_list":{"0":"post-1252","1":"product","2":"type-product","3":"status-publish","4":"has-post-thumbnail","6":"product_cat-colchas","7":"cuidado_do_produto-lavar-com-cores-similares","8":"cuidado_do_produto-nao-alvejar-em-agua-morna","9":"cuidado_do_produto-nao-torcer-ou-esfregar-com-forca-para-nao-danificar-a-fibra","10":"cuidado_do_produto-para-melhor-conservacao-guardar-em-local-seco-e-ventilado","11":"cuidado_do_produto-recomendado-o-uso-de-detergente-suave","12":"cuidado_do_produto-secar-a-sombra-para-preservar-a-cor-e-a-textura","13":"cuidado_do_produto-secar-na-maquina","14":"origem_do_produto-concebido-com-criterio-num-processo-alinhado-com-valores-de-responsabilidade-e-detalhe","15":"origem_do_produto-desenhado-com-identidade-propria-refletindo-a-visao-estetica-e-sensivel-do-criador-da-peca","16":"origem_do_produto-fabricado-em-portugal","17":"origem_do_produto-nascido-num-circuito-de-producao-local-com-foco-no-saber-fazer-e-na-proximidade","18":"origem_do_produto-produzido-com-fibras-naturais-criteriosamente-selecionadas-para-garantir-conforto-durabilidade-e-autenticidade","20":"first","21":"instock","22":"taxable","23":"shipping-taxable","24":"purchasable","25":"product-type-simple"},"_links":{"self":[{"href":"https:\/\/camaemponto.com\/en\/wp-json\/wp\/v2\/product\/1252","targetHints":{"allow":["GET"]}}],"collection":[{"href":"https:\/\/camaemponto.com\/en\/wp-json\/wp\/v2\/product"}],"about":[{"href":"https:\/\/camaemponto.com\/en\/wp-json\/wp\/v2\/types\/product"}],"wp:featuredmedia":[{"embeddable":true,"href":"https:\/\/camaemponto.com\/en\/wp-json\/wp\/v2\/media\/1253"}],"wp:attachment":[{"href":"https:\/\/camaemponto.com\/en\/wp-json\/wp\/v2\/media?parent=1252"}],"wp:term":[{"taxonomy":"product_brand","embeddable":true,"href":"https:\/\/camaemponto.com\/en\/wp-json\/wp\/v2\/product_brand?post=1252"},{"taxonomy":"product_cat","embeddable":true,"href":"https:\/\/camaemponto.com\/en\/wp-json\/wp\/v2\/product_cat?post=1252"},{"taxonomy":"product_tag","embeddable":true,"href":"https:\/\/camaemponto.com\/en\/wp-json\/wp\/v2\/product_tag?post=1252"},{"taxonomy":"cuidado_do_produto","embeddable":true,"href":"https:\/\/camaemponto.com\/en\/wp-json\/wp\/v2\/cuidado_do_produto?post=1252"},{"taxonomy":"origem_do_produto","embeddable":true,"href":"https:\/\/camaemponto.com\/en\/wp-json\/wp\/v2\/origem_do_produto?post=1252"}],"curies":[{"name":"wp","href":"https:\/\/api.w.org\/{rel}","templated":true}]}}

<p>A colcha Visdor foi criada para quem procura algo luminoso e naturalmente elegante no quarto. A sua tonalidade alaranjado traz cor  ao espaço, criando uma sensação de amplitude e tranquilidade que combina com qualquer estilo de decoração. Fabricada em 100% algodão e com gramagem de 425 g/m², oferece um toque suave e envolvente, proporcionando conforto em todas as estações. A textura apresenta uma fluidez natural, resultando numa peça que se adapta perfeitamente à cama e cria um cair harmonioso e delicado. Este equilíbrio entre suavidade, qualidade e simplicidade transforma a colcha branca Haarlem numa escolha versátil e duradoura. Com 250&#215;280 cm, é ideal para camas de casal, garantindo uma cobertura generosa e uniforme. Fácil de cuidar e resistente ao uso diário, é uma peça pensada para quem valoriza conforto, qualidade e um design discreto mas sofisticado. A colcha Visdor é perfeita para criar um ambiente acolhedor, elegante e intemporal. &nbsp;</p>
