{"id":3838,"date":"2025-11-26T21:11:33","date_gmt":"2025-11-26T21:11:33","guid":{"rendered":"https:\/\/camaemponto.com\/?post_type=product&#038;p=3838"},"modified":"2026-03-31T17:12:39","modified_gmt":"2026-03-31T16:12:39","slug":"orange-tile-bedspread-flemming","status":"publish","type":"product","link":"https:\/\/camaemponto.com\/en\/bedspreads\/orange-tile-bedspread-flemming\/","title":{"rendered":"Flemming bedspread"},"content":{"rendered":"<p>The Flemming orange tile bedspread was created to transform the bedroom environment with a warm, comfortable and naturally elegant touch of color. Its orange tile tone adds depth and harmony to the space, adapting easily to modern, classic or minimalist styles.<\/p>\n<p>Composed of 53% linen and 47% cotton and weighing 215 g\/m\u00b2, this quilt offers the perfect combination of lightness, softness and durability. The garment wash finish intensifies the soft touch and gives it a more natural and relaxed look, ideal for those looking for a piece with a handmade character and its own identity.<\/p>\n<p>The 260\u00d7240 cm size makes this quilt suitable for double beds, ensuring generous coverage and a fluid fall that enhances the aesthetics of the bed. It is easy to care for, hard-wearing and retains its comfort and texture with use. The Flemming orange tile bedspread is the ideal choice for those who want to elevate their environment with a piece that combines color, quality and a design that has been thought out down to the last detail.<\/p>","protected":false},"excerpt":{"rendered":"<p>A colcha laranja telha Flemming foi criada para transformar o ambiente do quarto com um toque de cor quente, confort\u00e1vel e naturalmente elegante. O seu tom laranja telha adiciona profundidade e harmonia ao espa\u00e7o, adaptando-se facilmente a estilos modernos, cl\u00e1ssicos ou minimalistas. Com composi\u00e7\u00e3o de 53% linho e 47% algod\u00e3o e gramagem de 215 g\/m\u00b2, esta colcha oferece a combina\u00e7\u00e3o perfeita entre leveza, suavidade e durabilidade. O acabamento garment wash intensifica o toque macio e confere um aspeto mais natural e descontra\u00eddo, ideal para quem procura uma pe\u00e7a com car\u00e1ter artesanal e identidade pr\u00f3pria. O tamanho 260&#215;240 cm torna esta colcha adequada para camas de casal, garantindo uma cobertura generosa e um cair fluido que valoriza a est\u00e9tica da cama. \u00c9 f\u00e1cil de cuidar, resistente e mant\u00e9m o conforto e a textura com o uso. A colcha laranja telha Flemming \u00e9 a op\u00e7\u00e3o ideal para quem deseja elevar o ambiente com uma pe\u00e7a que junta cor, qualidade e um design pensado ao detalhe, sendo que o Duvet de enchimento n\u00e3o faz da colcha.<\/p>","protected":false},"featured_media":3844,"template":"","meta":[],"product_brand":[],"product_cat":[18],"product_tag":[80],"cuidado_do_produto":[30,31,73,72,74,71,32],"origem_do_produto":[76,78,33,75,77],"class_list":{"0":"post-3838","1":"product","2":"type-product","3":"status-publish","4":"has-post-thumbnail","6":"product_cat-colchas","7":"product_tag-nova-colecao-cama-em-ponto","8":"cuidado_do_produto-lavar-com-cores-similares","9":"cuidado_do_produto-nao-alvejar-em-agua-morna","10":"cuidado_do_produto-nao-torcer-ou-esfregar-com-forca-para-nao-danificar-a-fibra","11":"cuidado_do_produto-para-melhor-conservacao-guardar-em-local-seco-e-ventilado","12":"cuidado_do_produto-recomendado-o-uso-de-detergente-suave","13":"cuidado_do_produto-secar-a-sombra-para-preservar-a-cor-e-a-textura","14":"cuidado_do_produto-secar-na-maquina","15":"origem_do_produto-concebido-com-criterio-num-processo-alinhado-com-valores-de-responsabilidade-e-detalhe","16":"origem_do_produto-desenhado-com-identidade-propria-refletindo-a-visao-estetica-e-sensivel-do-criador-da-peca","17":"origem_do_produto-fabricado-em-portugal","18":"origem_do_produto-nascido-num-circuito-de-producao-local-com-foco-no-saber-fazer-e-na-proximidade","19":"origem_do_produto-produzido-com-fibras-naturais-criteriosamente-selecionadas-para-garantir-conforto-durabilidade-e-autenticidade","21":"first","22":"instock","23":"taxable","24":"shipping-taxable","25":"purchasable","26":"product-type-simple"},"_links":{"self":[{"href":"https:\/\/camaemponto.com\/en\/wp-json\/wp\/v2\/product\/3838","targetHints":{"allow":["GET"]}}],"collection":[{"href":"https:\/\/camaemponto.com\/en\/wp-json\/wp\/v2\/product"}],"about":[{"href":"https:\/\/camaemponto.com\/en\/wp-json\/wp\/v2\/types\/product"}],"wp:featuredmedia":[{"embeddable":true,"href":"https:\/\/camaemponto.com\/en\/wp-json\/wp\/v2\/media\/3844"}],"wp:attachment":[{"href":"https:\/\/camaemponto.com\/en\/wp-json\/wp\/v2\/media?parent=3838"}],"wp:term":[{"taxonomy":"product_brand","embeddable":true,"href":"https:\/\/camaemponto.com\/en\/wp-json\/wp\/v2\/product_brand?post=3838"},{"taxonomy":"product_cat","embeddable":true,"href":"https:\/\/camaemponto.com\/en\/wp-json\/wp\/v2\/product_cat?post=3838"},{"taxonomy":"product_tag","embeddable":true,"href":"https:\/\/camaemponto.com\/en\/wp-json\/wp\/v2\/product_tag?post=3838"},{"taxonomy":"cuidado_do_produto","embeddable":true,"href":"https:\/\/camaemponto.com\/en\/wp-json\/wp\/v2\/cuidado_do_produto?post=3838"},{"taxonomy":"origem_do_produto","embeddable":true,"href":"https:\/\/camaemponto.com\/en\/wp-json\/wp\/v2\/origem_do_produto?post=3838"}],"curies":[{"name":"wp","href":"https:\/\/api.w.org\/{rel}","templated":true}]}}

<p>A colcha laranja telha Flemming foi criada para transformar o ambiente do quarto com um toque de cor quente, confortável e naturalmente elegante. O seu tom laranja telha adiciona profundidade e harmonia ao espaço, adaptando-se facilmente a estilos modernos, clássicos ou minimalistas. Com composição de 53% linho e 47% algodão e gramagem de 215 g/m², esta colcha oferece a combinação perfeita entre leveza, suavidade e durabilidade. O acabamento garment wash intensifica o toque macio e confere um aspeto mais natural e descontraído, ideal para quem procura uma peça com caráter artesanal e identidade própria. O tamanho 260&#215;240 cm torna esta colcha adequada para camas de casal, garantindo uma cobertura generosa e um cair fluido que valoriza a estética da cama. É fácil de cuidar, resistente e mantém o conforto e a textura com o uso. A colcha laranja telha Flemming é a opção ideal para quem deseja elevar o ambiente com uma peça que junta cor, qualidade e um design pensado ao detalhe, sendo que o Duvet de enchimento não faz da colcha.</p>
