{"id":3847,"date":"2025-11-26T21:17:28","date_gmt":"2025-11-26T21:17:28","guid":{"rendered":"https:\/\/camaemponto.com\/?post_type=product&#038;p=3847"},"modified":"2026-03-30T22:20:37","modified_gmt":"2026-03-30T21:20:37","slug":"orange-cushion-cover-tile-flemming","status":"publish","type":"product","link":"https:\/\/camaemponto.com\/en\/cushions\/orange-cushion-cover-tile-flemming\/","title":{"rendered":"Flemming cushion cover"},"content":{"rendered":"<p>The Flemming orange tile cushion cover has been created to complement the bedroom environment with comfort, color and harmony. Its orange tile tone adds depth and elegance to the decor, acting as a soft accent on beds, armchairs or sofas.<\/p>\n<p>Composed of 53% linen and 47% cotton, it has a natural texture that is light and pleasant to the touch. The garment wash finish gives it an immediate softness and a slightly lived-in look, which enhances the handmade and unique character of the garment. The weight of 215 g\/m\u00b2 reinforces the quality of the fabric, guaranteeing durability, breathability and comfort in daily use.<\/p>\n<p>Measuring 50\u00d770 cm, this cover adapts to most rectangular cushions, creating a balanced composition when used on its own or together with the Flemming bedspread. It's easy to care for, hard-wearing and designed to retain its soft touch and color over time.<\/p>\n<p>The Flemming orange tile cushion cover is ideal for those looking for a detail that transforms their space with simplicity, quality and a design that combines naturalness and elegance.<\/p>\n<p>&nbsp;<\/p>","protected":false},"excerpt":{"rendered":"<p>A capa de almofada laranja telha Flemming foi criada para complementar o ambiente do quarto com conforto, cor e harmonia. O seu tom laranja telha adiciona profundidade e eleg\u00e2ncia \u00e0 decora\u00e7\u00e3o, funcionando como um destaque suave em camas, poltronas ou sof\u00e1s. Com composi\u00e7\u00e3o de 53% linho e 47% algod\u00e3o, apresenta uma textura natural, leve e agrad\u00e1vel ao toque. O acabamento garment wash confere suavidade imediata e um aspeto ligeiramente vivido, que valoriza o car\u00e1ter artesanal e \u00fanico da pe\u00e7a. A gramagem de 215 g\/m\u00b2 refor\u00e7a a qualidade do tecido, garantindo durabilidade, respirabilidade e conforto em uso di\u00e1rio. Com 50&#215;70 cm, esta capa adapta-se \u00e0 maioria das almofadas retangulares, criando uma composi\u00e7\u00e3o equilibrada quando usada isoladamente ou em conjunto com a colcha Flemming. \u00c9 uma pe\u00e7a f\u00e1cil de cuidar, resistente e pensada para manter o toque macio e a cor com o passar do tempo. A capa de almofada laranja telha Flemming \u00e9 ideal para quem procura um detalhe que transforma o espa\u00e7o com simplicidade, qualidade e um design que combina naturalidade e eleg\u00e2ncia. &nbsp;<\/p>","protected":false},"featured_media":3848,"template":"","meta":[],"product_brand":[],"product_cat":[17],"product_tag":[80],"cuidado_do_produto":[30,31,73,72,74,71,32],"origem_do_produto":[76,78,33,75,77],"class_list":{"0":"post-3847","1":"product","2":"type-product","3":"status-publish","4":"has-post-thumbnail","6":"product_cat-almofadas","7":"product_tag-nova-colecao-cama-em-ponto","8":"cuidado_do_produto-lavar-com-cores-similares","9":"cuidado_do_produto-nao-alvejar-em-agua-morna","10":"cuidado_do_produto-nao-torcer-ou-esfregar-com-forca-para-nao-danificar-a-fibra","11":"cuidado_do_produto-para-melhor-conservacao-guardar-em-local-seco-e-ventilado","12":"cuidado_do_produto-recomendado-o-uso-de-detergente-suave","13":"cuidado_do_produto-secar-a-sombra-para-preservar-a-cor-e-a-textura","14":"cuidado_do_produto-secar-na-maquina","15":"origem_do_produto-concebido-com-criterio-num-processo-alinhado-com-valores-de-responsabilidade-e-detalhe","16":"origem_do_produto-desenhado-com-identidade-propria-refletindo-a-visao-estetica-e-sensivel-do-criador-da-peca","17":"origem_do_produto-fabricado-em-portugal","18":"origem_do_produto-nascido-num-circuito-de-producao-local-com-foco-no-saber-fazer-e-na-proximidade","19":"origem_do_produto-produzido-com-fibras-naturais-criteriosamente-selecionadas-para-garantir-conforto-durabilidade-e-autenticidade","21":"first","22":"instock","23":"taxable","24":"shipping-taxable","25":"purchasable","26":"product-type-simple"},"_links":{"self":[{"href":"https:\/\/camaemponto.com\/en\/wp-json\/wp\/v2\/product\/3847","targetHints":{"allow":["GET"]}}],"collection":[{"href":"https:\/\/camaemponto.com\/en\/wp-json\/wp\/v2\/product"}],"about":[{"href":"https:\/\/camaemponto.com\/en\/wp-json\/wp\/v2\/types\/product"}],"wp:featuredmedia":[{"embeddable":true,"href":"https:\/\/camaemponto.com\/en\/wp-json\/wp\/v2\/media\/3848"}],"wp:attachment":[{"href":"https:\/\/camaemponto.com\/en\/wp-json\/wp\/v2\/media?parent=3847"}],"wp:term":[{"taxonomy":"product_brand","embeddable":true,"href":"https:\/\/camaemponto.com\/en\/wp-json\/wp\/v2\/product_brand?post=3847"},{"taxonomy":"product_cat","embeddable":true,"href":"https:\/\/camaemponto.com\/en\/wp-json\/wp\/v2\/product_cat?post=3847"},{"taxonomy":"product_tag","embeddable":true,"href":"https:\/\/camaemponto.com\/en\/wp-json\/wp\/v2\/product_tag?post=3847"},{"taxonomy":"cuidado_do_produto","embeddable":true,"href":"https:\/\/camaemponto.com\/en\/wp-json\/wp\/v2\/cuidado_do_produto?post=3847"},{"taxonomy":"origem_do_produto","embeddable":true,"href":"https:\/\/camaemponto.com\/en\/wp-json\/wp\/v2\/origem_do_produto?post=3847"}],"curies":[{"name":"wp","href":"https:\/\/api.w.org\/{rel}","templated":true}]}}

<p>A capa de almofada laranja telha Flemming foi criada para complementar o ambiente do quarto com conforto, cor e harmonia. O seu tom laranja telha adiciona profundidade e elegância à decoração, funcionando como um destaque suave em camas, poltronas ou sofás. Com composição de 53% linho e 47% algodão, apresenta uma textura natural, leve e agradável ao toque. O acabamento garment wash confere suavidade imediata e um aspeto ligeiramente vivido, que valoriza o caráter artesanal e único da peça. A gramagem de 215 g/m² reforça a qualidade do tecido, garantindo durabilidade, respirabilidade e conforto em uso diário. Com 50&#215;70 cm, esta capa adapta-se à maioria das almofadas retangulares, criando uma composição equilibrada quando usada isoladamente ou em conjunto com a colcha Flemming. É uma peça fácil de cuidar, resistente e pensada para manter o toque macio e a cor com o passar do tempo. A capa de almofada laranja telha Flemming é ideal para quem procura um detalhe que transforma o espaço com simplicidade, qualidade e um design que combina naturalidade e elegância. &nbsp;</p>
