{"id":715,"date":"2024-11-21T19:13:31","date_gmt":"2024-11-21T19:13:31","guid":{"rendered":"https:\/\/camaemponto.com\/?post_type=product&#038;p=715"},"modified":"2026-03-30T23:08:36","modified_gmt":"2026-03-30T22:08:36","slug":"basic-blue-sten-cushion-cover","status":"publish","type":"product","link":"https:\/\/camaemponto.com\/en\/cushions\/basic-blue-sten-cushion-cover\/","title":{"rendered":"Sten Basic Blue Cushion Cover"},"content":{"rendered":"<p>The Sten Blue cushion cover combines lightness, comfort and a delicate design that elevates any room. With a soft tone enriched by a subtle thread in the weave, this decorative cushion cover adapts easily to living rooms and bedrooms, offering a clean and serene aesthetic. Its soft and fluid texture makes it ideal for creating more welcoming and luminous resting environments.<\/p>\n<p>Woven in 100% cotton, the Sten model stands out for its soft touch, natural breathability and the light feel it provides for everyday use. The yarn included in the weave adds visual depth without losing the simplicity that the design conveys, making it a versatile choice for both minimalist styles and more traditional decorations. With a comfortable weight of 280 gr\/m2. and a construction designed to last, it offers the perfect balance between elegance and functionality.<\/p>\n<p>Measuring 40\u00d760 cm, it is the ideal size for use on the sofa, bed or as a decorative element on an armchair. The washing technique ensures extra softness and unique fluidity in the fabric, maintaining quality and comfort over time. It's a practical and refined piece that adds light, comfort and authenticity to your home.<\/p>\n<p>&nbsp;<\/p>","protected":false},"excerpt":{"rendered":"<p>Capa de almofada Sten Azul combina leveza, conforto e um design delicado que eleva qualquer ambiente. Com um tom suave enriquecido por um fio subtil na trama, esta capa de almofada\u00a0 decorativa adapta-se facilmente a salas e quartos, oferecendo uma est\u00e9tica limpa e serena. A sua textura macia e fluida torna-a ideal para criar ambientes de descanso mais acolhedores e luminosos. Tecido em 100% algod\u00e3o, o modelo Sten destaca-se pelo toque suave, pela respirabilidade natural e pela sensa\u00e7\u00e3o leve que proporciona ao uso di\u00e1rio. O fio inclu\u00eddo na trama acrescenta profundidade visual sem perder a simplicidade que o desenho transmite,\u00a0 tornando uma escolha vers\u00e1til tanto para estilos minimalistas como para decora\u00e7\u00f5es mais tradicionais. Com um peso confort\u00e1vel 280 gr\/m2. e uma constru\u00e7\u00e3o pensada para durar, oferece um equil\u00edbrio perfeito entre eleg\u00e2ncia e funcionalidade. Com a medida de 40&#215;60 cm, tem o tamanho ideal para usar no sof\u00e1, na cama ou como elemento decorativo num cadeir\u00e3o. A T\u00e9cnica de lavagem que proporciona e garante suavidade extra e fluidez \u00fanica no tecido., mant\u00e9m a qualidade e o conforto com o tempo. \u00c9 uma pe\u00e7a pr\u00e1tica e refinada que acrescenta luz, conforto e autenticidade ao seu lar. &nbsp;<\/p>","protected":false},"featured_media":711,"template":"","meta":[],"product_brand":[],"product_cat":[17],"product_tag":[],"cuidado_do_produto":[30,31,73,72,74,71,32],"origem_do_produto":[76,78,33,75,77],"class_list":{"0":"post-715","1":"product","2":"type-product","3":"status-publish","4":"has-post-thumbnail","6":"product_cat-almofadas","7":"cuidado_do_produto-lavar-com-cores-similares","8":"cuidado_do_produto-nao-alvejar-em-agua-morna","9":"cuidado_do_produto-nao-torcer-ou-esfregar-com-forca-para-nao-danificar-a-fibra","10":"cuidado_do_produto-para-melhor-conservacao-guardar-em-local-seco-e-ventilado","11":"cuidado_do_produto-recomendado-o-uso-de-detergente-suave","12":"cuidado_do_produto-secar-a-sombra-para-preservar-a-cor-e-a-textura","13":"cuidado_do_produto-secar-na-maquina","14":"origem_do_produto-concebido-com-criterio-num-processo-alinhado-com-valores-de-responsabilidade-e-detalhe","15":"origem_do_produto-desenhado-com-identidade-propria-refletindo-a-visao-estetica-e-sensivel-do-criador-da-peca","16":"origem_do_produto-fabricado-em-portugal","17":"origem_do_produto-nascido-num-circuito-de-producao-local-com-foco-no-saber-fazer-e-na-proximidade","18":"origem_do_produto-produzido-com-fibras-naturais-criteriosamente-selecionadas-para-garantir-conforto-durabilidade-e-autenticidade","20":"first","21":"instock","22":"taxable","23":"shipping-taxable","24":"purchasable","25":"product-type-simple"},"_links":{"self":[{"href":"https:\/\/camaemponto.com\/en\/wp-json\/wp\/v2\/product\/715","targetHints":{"allow":["GET"]}}],"collection":[{"href":"https:\/\/camaemponto.com\/en\/wp-json\/wp\/v2\/product"}],"about":[{"href":"https:\/\/camaemponto.com\/en\/wp-json\/wp\/v2\/types\/product"}],"wp:featuredmedia":[{"embeddable":true,"href":"https:\/\/camaemponto.com\/en\/wp-json\/wp\/v2\/media\/711"}],"wp:attachment":[{"href":"https:\/\/camaemponto.com\/en\/wp-json\/wp\/v2\/media?parent=715"}],"wp:term":[{"taxonomy":"product_brand","embeddable":true,"href":"https:\/\/camaemponto.com\/en\/wp-json\/wp\/v2\/product_brand?post=715"},{"taxonomy":"product_cat","embeddable":true,"href":"https:\/\/camaemponto.com\/en\/wp-json\/wp\/v2\/product_cat?post=715"},{"taxonomy":"product_tag","embeddable":true,"href":"https:\/\/camaemponto.com\/en\/wp-json\/wp\/v2\/product_tag?post=715"},{"taxonomy":"cuidado_do_produto","embeddable":true,"href":"https:\/\/camaemponto.com\/en\/wp-json\/wp\/v2\/cuidado_do_produto?post=715"},{"taxonomy":"origem_do_produto","embeddable":true,"href":"https:\/\/camaemponto.com\/en\/wp-json\/wp\/v2\/origem_do_produto?post=715"}],"curies":[{"name":"wp","href":"https:\/\/api.w.org\/{rel}","templated":true}]}}

<p>Capa de almofada Sten Azul combina leveza, conforto e um design delicado que eleva qualquer ambiente. Com um tom suave enriquecido por um fio subtil na trama, esta capa de almofada  decorativa adapta-se facilmente a salas e quartos, oferecendo uma estética limpa e serena. A sua textura macia e fluida torna-a ideal para criar ambientes de descanso mais acolhedores e luminosos. Tecido em 100% algodão, o modelo Sten destaca-se pelo toque suave, pela respirabilidade natural e pela sensação leve que proporciona ao uso diário. O fio incluído na trama acrescenta profundidade visual sem perder a simplicidade que o desenho transmite,  tornando uma escolha versátil tanto para estilos minimalistas como para decorações mais tradicionais. Com um peso confortável 280 gr/m2. e uma construção pensada para durar, oferece um equilíbrio perfeito entre elegância e funcionalidade. Com a medida de 40&#215;60 cm, tem o tamanho ideal para usar no sofá, na cama ou como elemento decorativo num cadeirão. A Técnica de lavagem que proporciona e garante suavidade extra e fluidez única no tecido., mantém a qualidade e o conforto com o tempo. É uma peça prática e refinada que acrescenta luz, conforto e autenticidade ao seu lar. &nbsp;</p>
