{"id":1190,"date":"2024-11-23T00:46:40","date_gmt":"2024-11-23T00:46:40","guid":{"rendered":"https:\/\/camaemponto.com\/?post_type=product&#038;p=1190"},"modified":"2026-03-30T23:06:04","modified_gmt":"2026-03-30T22:06:04","slug":"funda-de-cojin-sven","status":"publish","type":"product","link":"https:\/\/camaemponto.com\/es\/cojines\/funda-de-cojin-sven\/","title":{"rendered":"Funda de Coj\u00edn  Sven"},"content":{"rendered":"<p>La funda de coj\u00edn Sven ha sido dise\u00f1ada para completar el ambiente del dormitorio con luminosidad, suavidad y un toque de elegante sencillez. Su color azul refuerza la sensaci\u00f3n de tranquilidad y ligereza, creando un ambiente limpio y armonioso.<\/p>\n<p>Fabricado con algod\u00f3n 100% en gasa con un gramaje de 190 g\/m\u00b2, tiene un tacto suave y envolvente, ideal para quienes buscan un confort natural al tumbarse o relajarse. La textura fluida del tejido se adapta f\u00e1cilmente al coj\u00edn, garantizando un acabado visual equilibrado y delicado. Esta combinaci\u00f3n de suavidad, calidad y dise\u00f1o atemporal hace de la funda de coj\u00edn Azul una pieza esencial en el espacio de descanso.<\/p>\n<p>Mide 40\u00d760 cm, se adapta perfectamente a la mayor\u00eda de los cojines rectangulares y combina impecablemente con la colcha Sven, creando un conjunto coherente y elegante. Es f\u00e1cil de cuidar, resistente y est\u00e1 dise\u00f1ada para mantener su suavidad y frescura con el paso del tiempo.<\/p>\n<p>La funda de coj\u00edn Sven Blue es perfecta para quienes desean completar la decoraci\u00f3n de su dormitorio con una pieza natural y vers\u00e1til de est\u00e9tica ligera y atemporal.<\/p>","protected":false},"excerpt":{"rendered":"<p>A capa de almofada Sven foi desenvolvida para completar o ambiente do quarto com luminosidade, suavidade e um toque de simplicidade elegante. A sua cor azul refor\u00e7a a sensa\u00e7\u00e3o de tranquilidade e leveza, criando uma atmosfera limpa e harmoniosa. Fabricada em 100% algod\u00e3o em Gauze com gramagem de 190 g\/m\u00b2, apresenta um toque suave e envolvente, ideal para quem procura conforto natural ao deitar ou relaxar. A textura fluida do tecido adapta-se facilmente \u00e0 almofada, garantindo um acabamento visual equilibrado e delicado. Esta combina\u00e7\u00e3o de suavidade, qualidade e design intemporal torna a capa de almofada Azul uma pe\u00e7a essencial no espa\u00e7o de descanso. Com 40&#215;60 cm, encaixa perfeitamente na maioria das almofadas retangulares e combina de forma impec\u00e1vel com a colcha Sven, criando um conjunto coerente e elegante. \u00c9 f\u00e1cil de cuidar, resistente e pensada para manter a sua suavidade e frescura ao longo do tempo. A capa de almofada Azul Sven \u00e9 perfeita para quem deseja completar a decora\u00e7\u00e3o do quarto com uma pe\u00e7a natural, vers\u00e1til e com uma est\u00e9tica leve e intemporal.<\/p>","protected":false},"featured_media":1191,"template":"","meta":[],"product_brand":[],"product_cat":[17],"product_tag":[],"cuidado_do_produto":[30,31,73,72,74,71,32],"origem_do_produto":[76,78,33,75,77],"class_list":{"0":"post-1190","1":"product","2":"type-product","3":"status-publish","4":"has-post-thumbnail","6":"product_cat-almofadas","7":"cuidado_do_produto-lavar-com-cores-similares","8":"cuidado_do_produto-nao-alvejar-em-agua-morna","9":"cuidado_do_produto-nao-torcer-ou-esfregar-com-forca-para-nao-danificar-a-fibra","10":"cuidado_do_produto-para-melhor-conservacao-guardar-em-local-seco-e-ventilado","11":"cuidado_do_produto-recomendado-o-uso-de-detergente-suave","12":"cuidado_do_produto-secar-a-sombra-para-preservar-a-cor-e-a-textura","13":"cuidado_do_produto-secar-na-maquina","14":"origem_do_produto-concebido-com-criterio-num-processo-alinhado-com-valores-de-responsabilidade-e-detalhe","15":"origem_do_produto-desenhado-com-identidade-propria-refletindo-a-visao-estetica-e-sensivel-do-criador-da-peca","16":"origem_do_produto-fabricado-em-portugal","17":"origem_do_produto-nascido-num-circuito-de-producao-local-com-foco-no-saber-fazer-e-na-proximidade","18":"origem_do_produto-produzido-com-fibras-naturais-criteriosamente-selecionadas-para-garantir-conforto-durabilidade-e-autenticidade","20":"first","21":"instock","22":"taxable","23":"shipping-taxable","24":"purchasable","25":"product-type-simple"},"_links":{"self":[{"href":"https:\/\/camaemponto.com\/es\/wp-json\/wp\/v2\/product\/1190","targetHints":{"allow":["GET"]}}],"collection":[{"href":"https:\/\/camaemponto.com\/es\/wp-json\/wp\/v2\/product"}],"about":[{"href":"https:\/\/camaemponto.com\/es\/wp-json\/wp\/v2\/types\/product"}],"wp:featuredmedia":[{"embeddable":true,"href":"https:\/\/camaemponto.com\/es\/wp-json\/wp\/v2\/media\/1191"}],"wp:attachment":[{"href":"https:\/\/camaemponto.com\/es\/wp-json\/wp\/v2\/media?parent=1190"}],"wp:term":[{"taxonomy":"product_brand","embeddable":true,"href":"https:\/\/camaemponto.com\/es\/wp-json\/wp\/v2\/product_brand?post=1190"},{"taxonomy":"product_cat","embeddable":true,"href":"https:\/\/camaemponto.com\/es\/wp-json\/wp\/v2\/product_cat?post=1190"},{"taxonomy":"product_tag","embeddable":true,"href":"https:\/\/camaemponto.com\/es\/wp-json\/wp\/v2\/product_tag?post=1190"},{"taxonomy":"cuidado_do_produto","embeddable":true,"href":"https:\/\/camaemponto.com\/es\/wp-json\/wp\/v2\/cuidado_do_produto?post=1190"},{"taxonomy":"origem_do_produto","embeddable":true,"href":"https:\/\/camaemponto.com\/es\/wp-json\/wp\/v2\/origem_do_produto?post=1190"}],"curies":[{"name":"wp","href":"https:\/\/api.w.org\/{rel}","templated":true}]}}

Funda de Cojín  Sven

<p>La funda de cojín Sven ha sido diseñada para completar el ambiente del dormitorio con luminosidad, suavidad y un toque de elegante sencillez. Su color azul refuerza la sensación de tranquilidad y ligereza, creando un ambiente limpio y armonioso.</p>
<p>Fabricado con algodón 100% en gasa con un gramaje de 190 g/m², tiene un tacto suave y envolvente, ideal para quienes buscan un confort natural al tumbarse o relajarse. La textura fluida del tejido se adapta fácilmente al cojín, garantizando un acabado visual equilibrado y delicado. Esta combinación de suavidad, calidad y diseño atemporal hace de la funda de cojín Azul una pieza esencial en el espacio de descanso.</p>
<p>Mide 40×60 cm, se adapta perfectamente a la mayoría de los cojines rectangulares y combina impecablemente con la colcha Sven, creando un conjunto coherente y elegante. Es fácil de cuidar, resistente y está diseñada para mantener su suavidad y frescura con el paso del tiempo.</p>
<p>La funda de cojín Sven Blue es perfecta para quienes desean completar la decoración de su dormitorio con una pieza natural y versátil de estética ligera y atemporal.</p>

<p>A capa de almofada Sven foi desenvolvida para completar o ambiente do quarto com luminosidade, suavidade e um toque de simplicidade elegante. A sua cor azul reforça a sensação de tranquilidade e leveza, criando uma atmosfera limpa e harmoniosa. Fabricada em 100% algodão em Gauze com gramagem de 190 g/m², apresenta um toque suave e envolvente, ideal para quem procura conforto natural ao deitar ou relaxar. A textura fluida do tecido adapta-se facilmente à almofada, garantindo um acabamento visual equilibrado e delicado. Esta combinação de suavidade, qualidade e design intemporal torna a capa de almofada Azul uma peça essencial no espaço de descanso. Com 40&#215;60 cm, encaixa perfeitamente na maioria das almofadas retangulares e combina de forma impecável com a colcha Sven, criando um conjunto coerente e elegante. É fácil de cuidar, resistente e pensada para manter a sua suavidade e frescura ao longo do tempo. A capa de almofada Azul Sven é perfeita para quem deseja completar a decoração do quarto com uma peça natural, versátil e com uma estética leve e intemporal.</p>
