{"id":3805,"date":"2025-10-07T15:57:20","date_gmt":"2025-10-07T14:57:20","guid":{"rendered":"https:\/\/camaemponto.com\/?post_type=product&#038;p=3805"},"modified":"2026-03-30T12:20:38","modified_gmt":"2026-03-30T11:20:38","slug":"manta-de-algodon-beige-alava","status":"publish","type":"product","link":"https:\/\/camaemponto.com\/es\/mantas\/manta-de-algodon-beige-alava\/","title":{"rendered":"Manta \u00c1lava"},"content":{"rendered":"<p>La manta de algod\u00f3n beige \u00c1lava ha sido creada para envolver los espacios con suavidad, autenticidad y un toque de calma. Con su color neutro y su textura artesanal, esta manta decorativa se adapta f\u00e1cilmente a cualquier estilo de hogar, ya sea en ambientes minimalistas, escandinavos o m\u00e1s tradicionales. Perfecta para sof\u00e1s, camas o sillones, a\u00f1ade confort visual y f\u00edsico de forma natural.<\/p>\n<p>Fabricada en Portugal con algod\u00f3n 100%, esta manta destaca por su ligereza, tacto suave y gran transpirabilidad. El punto distintivo le confiere un aspecto elegante y discreto, sin olores fuertes, de r\u00e1pida absorci\u00f3n y sensaci\u00f3n de frescor al llevarla puesta. Su ajuste m\u00e1s natural y menos el\u00e1stico mantiene su forma sin problemas, por lo que es ideal para momentos de descanso o como pieza decorativa destacada.<\/p>\n<p>Con unas medidas de 130\u00d7170 cm, la manta de algod\u00f3n beige \u00c1lava tiene el tama\u00f1o ideal para un uso diario vers\u00e1til. Es f\u00e1cil de cuidar, se puede lavar a m\u00e1quina y mantiene su calidad con el paso del tiempo. M\u00e1s que un accesorio, es una elecci\u00f3n consciente para quienes buscan comodidad, funcionalidad y un dise\u00f1o portugu\u00e9s que enfatiza los peque\u00f1os detalles.<\/p>","protected":false},"excerpt":{"rendered":"<p>A manta bege de algod\u00e3o \u00c1lava foi criada para envolver os espa\u00e7os com suavidade, autenticidade e um toque de calma. Com cor neutra e textura artesanal, esta manta decorativa adapta-se facilmente a qualquer estilo de casa, seja em ambientes minimalistas, escandinavos ou mais tradicionais. Perfeita para sof\u00e1s, camas ou poltronas, acrescenta conforto visual e f\u00edsico com naturalidade. Fabricada em Portugal com 100% algod\u00e3o, esta manta destaca-se pela sua leveza, toque macio e elevada respirabilidade. O ponto diferenciado d\u00e1-lhe um aspeto elegante e discreto, sem cheiro forte, com absor\u00e7\u00e3o r\u00e1pida e uma sensa\u00e7\u00e3o fresca ao uso. O seu caimento mais natural e menos el\u00e1stico mant\u00e9m o formato com suavidade, tornando-a ideal para momentos de descanso ou como pe\u00e7a decorativa de destaque. Com 130&#215;170 cm, a manta bege de algod\u00e3o \u00c1lava tem o tamanho ideal para uso vers\u00e1til no dia a dia. \u00c9 f\u00e1cil de cuidar, lav\u00e1vel \u00e0 m\u00e1quina e mant\u00e9m a qualidade com o tempo. Mais do que um acess\u00f3rio, \u00e9 uma escolha consciente de quem procura conforto, funcionalidade e um design portugu\u00eas que valoriza os pequenos detalhes.<\/p>","protected":false},"featured_media":3822,"template":"","meta":[],"product_brand":[],"product_cat":[19],"product_tag":[80],"cuidado_do_produto":[30,31,73,72,74,71,32],"origem_do_produto":[76,78,33,75,77],"class_list":{"0":"post-3805","1":"product","2":"type-product","3":"status-publish","4":"has-post-thumbnail","6":"product_cat-mantas","7":"product_tag-nova-colecao-cama-em-ponto","8":"cuidado_do_produto-lavar-com-cores-similares","9":"cuidado_do_produto-nao-alvejar-em-agua-morna","10":"cuidado_do_produto-nao-torcer-ou-esfregar-com-forca-para-nao-danificar-a-fibra","11":"cuidado_do_produto-para-melhor-conservacao-guardar-em-local-seco-e-ventilado","12":"cuidado_do_produto-recomendado-o-uso-de-detergente-suave","13":"cuidado_do_produto-secar-a-sombra-para-preservar-a-cor-e-a-textura","14":"cuidado_do_produto-secar-na-maquina","15":"origem_do_produto-concebido-com-criterio-num-processo-alinhado-com-valores-de-responsabilidade-e-detalhe","16":"origem_do_produto-desenhado-com-identidade-propria-refletindo-a-visao-estetica-e-sensivel-do-criador-da-peca","17":"origem_do_produto-fabricado-em-portugal","18":"origem_do_produto-nascido-num-circuito-de-producao-local-com-foco-no-saber-fazer-e-na-proximidade","19":"origem_do_produto-produzido-com-fibras-naturais-criteriosamente-selecionadas-para-garantir-conforto-durabilidade-e-autenticidade","21":"first","22":"instock","23":"taxable","24":"shipping-taxable","25":"purchasable","26":"product-type-simple"},"_links":{"self":[{"href":"https:\/\/camaemponto.com\/es\/wp-json\/wp\/v2\/product\/3805","targetHints":{"allow":["GET"]}}],"collection":[{"href":"https:\/\/camaemponto.com\/es\/wp-json\/wp\/v2\/product"}],"about":[{"href":"https:\/\/camaemponto.com\/es\/wp-json\/wp\/v2\/types\/product"}],"wp:featuredmedia":[{"embeddable":true,"href":"https:\/\/camaemponto.com\/es\/wp-json\/wp\/v2\/media\/3822"}],"wp:attachment":[{"href":"https:\/\/camaemponto.com\/es\/wp-json\/wp\/v2\/media?parent=3805"}],"wp:term":[{"taxonomy":"product_brand","embeddable":true,"href":"https:\/\/camaemponto.com\/es\/wp-json\/wp\/v2\/product_brand?post=3805"},{"taxonomy":"product_cat","embeddable":true,"href":"https:\/\/camaemponto.com\/es\/wp-json\/wp\/v2\/product_cat?post=3805"},{"taxonomy":"product_tag","embeddable":true,"href":"https:\/\/camaemponto.com\/es\/wp-json\/wp\/v2\/product_tag?post=3805"},{"taxonomy":"cuidado_do_produto","embeddable":true,"href":"https:\/\/camaemponto.com\/es\/wp-json\/wp\/v2\/cuidado_do_produto?post=3805"},{"taxonomy":"origem_do_produto","embeddable":true,"href":"https:\/\/camaemponto.com\/es\/wp-json\/wp\/v2\/origem_do_produto?post=3805"}],"curies":[{"name":"wp","href":"https:\/\/api.w.org\/{rel}","templated":true}]}}

Manta Álava

<p>La manta de algodón beige Álava ha sido creada para envolver los espacios con suavidad, autenticidad y un toque de calma. Con su color neutro y su textura artesanal, esta manta decorativa se adapta fácilmente a cualquier estilo de hogar, ya sea en ambientes minimalistas, escandinavos o más tradicionales. Perfecta para sofás, camas o sillones, añade confort visual y físico de forma natural.</p>
<p>Fabricada en Portugal con algodón 100%, esta manta destaca por su ligereza, tacto suave y gran transpirabilidad. El punto distintivo le confiere un aspecto elegante y discreto, sin olores fuertes, de rápida absorción y sensación de frescor al llevarla puesta. Su ajuste más natural y menos elástico mantiene su forma sin problemas, por lo que es ideal para momentos de descanso o como pieza decorativa destacada.</p>
<p>Con unas medidas de 130×170 cm, la manta de algodón beige Álava tiene el tamaño ideal para un uso diario versátil. Es fácil de cuidar, se puede lavar a máquina y mantiene su calidad con el paso del tiempo. Más que un accesorio, es una elección consciente para quienes buscan comodidad, funcionalidad y un diseño portugués que enfatiza los pequeños detalles.</p>

<p>A manta bege de algodão Álava foi criada para envolver os espaços com suavidade, autenticidade e um toque de calma. Com cor neutra e textura artesanal, esta manta decorativa adapta-se facilmente a qualquer estilo de casa, seja em ambientes minimalistas, escandinavos ou mais tradicionais. Perfeita para sofás, camas ou poltronas, acrescenta conforto visual e físico com naturalidade. Fabricada em Portugal com 100% algodão, esta manta destaca-se pela sua leveza, toque macio e elevada respirabilidade. O ponto diferenciado dá-lhe um aspeto elegante e discreto, sem cheiro forte, com absorção rápida e uma sensação fresca ao uso. O seu caimento mais natural e menos elástico mantém o formato com suavidade, tornando-a ideal para momentos de descanso ou como peça decorativa de destaque. Com 130&#215;170 cm, a manta bege de algodão Álava tem o tamanho ideal para uso versátil no dia a dia. É fácil de cuidar, lavável à máquina e mantém a qualidade com o tempo. Mais do que um acessório, é uma escolha consciente de quem procura conforto, funcionalidade e um design português que valoriza os pequenos detalhes.</p>
