{"id":3847,"date":"2025-11-26T21:17:28","date_gmt":"2025-11-26T21:17:28","guid":{"rendered":"https:\/\/camaemponto.com\/?post_type=product&#038;p=3847"},"modified":"2026-03-30T22:20:37","modified_gmt":"2026-03-30T21:20:37","slug":"funda-de-cojin-naranja-teja-flemming","status":"publish","type":"product","link":"https:\/\/camaemponto.com\/es\/cojines\/funda-de-cojin-naranja-teja-flemming\/","title":{"rendered":"Funda de coj\u00edn Flemming"},"content":{"rendered":"<p>La funda de coj\u00edn Flemming naranja teja ha sido creada para complementar el ambiente del dormitorio con comodidad, color y armon\u00eda. Su color naranja teja a\u00f1ade profundidad y elegancia a la decoraci\u00f3n, actuando como un suave acento sobre camas, sillones o sof\u00e1s.<\/p>\n<p>Compuesta de lino 53% y algod\u00f3n 47%, tiene una textura natural, ligera y agradable al tacto. El acabado de lavado en prenda le confiere una suavidad inmediata y un aspecto ligeramente envejecido que acent\u00faa el car\u00e1cter artesanal \u00fanico de la prenda. El peso de 215 g\/m\u00b2 refuerza la calidad del tejido, garantizando durabilidad, transpirabilidad y comodidad en el uso diario.<\/p>\n<p>Con unas medidas de 50\u00d770 cm, esta funda se adapta a la mayor\u00eda de los cojines rectangulares, creando una composici\u00f3n equilibrada cuando se utiliza sola o junto con la colcha Flemming. Es f\u00e1cil de cuidar, resistente y est\u00e1 dise\u00f1ada para conservar su tacto suave y su color con el paso del tiempo.<\/p>\n<p>La funda de coj\u00edn teja naranja Flemming es ideal para quienes buscan un detalle que transforme su espacio con sencillez, calidad y un dise\u00f1o que combina naturalidad y elegancia.<\/p>\n<p>&nbsp;<\/p>","protected":false},"excerpt":{"rendered":"<p>A capa de almofada laranja telha Flemming foi criada para complementar o ambiente do quarto com conforto, cor e harmonia. O seu tom laranja telha adiciona profundidade e eleg\u00e2ncia \u00e0 decora\u00e7\u00e3o, funcionando como um destaque suave em camas, poltronas ou sof\u00e1s. Com composi\u00e7\u00e3o de 53% linho e 47% algod\u00e3o, apresenta uma textura natural, leve e agrad\u00e1vel ao toque. O acabamento garment wash confere suavidade imediata e um aspeto ligeiramente vivido, que valoriza o car\u00e1ter artesanal e \u00fanico da pe\u00e7a. A gramagem de 215 g\/m\u00b2 refor\u00e7a a qualidade do tecido, garantindo durabilidade, respirabilidade e conforto em uso di\u00e1rio. Com 50&#215;70 cm, esta capa adapta-se \u00e0 maioria das almofadas retangulares, criando uma composi\u00e7\u00e3o equilibrada quando usada isoladamente ou em conjunto com a colcha Flemming. \u00c9 uma pe\u00e7a f\u00e1cil de cuidar, resistente e pensada para manter o toque macio e a cor com o passar do tempo. A capa de almofada laranja telha Flemming \u00e9 ideal para quem procura um detalhe que transforma o espa\u00e7o com simplicidade, qualidade e um design que combina naturalidade e eleg\u00e2ncia. &nbsp;<\/p>","protected":false},"featured_media":3848,"template":"","meta":[],"product_brand":[],"product_cat":[17],"product_tag":[80],"cuidado_do_produto":[30,31,73,72,74,71,32],"origem_do_produto":[76,78,33,75,77],"class_list":{"0":"post-3847","1":"product","2":"type-product","3":"status-publish","4":"has-post-thumbnail","6":"product_cat-almofadas","7":"product_tag-nova-colecao-cama-em-ponto","8":"cuidado_do_produto-lavar-com-cores-similares","9":"cuidado_do_produto-nao-alvejar-em-agua-morna","10":"cuidado_do_produto-nao-torcer-ou-esfregar-com-forca-para-nao-danificar-a-fibra","11":"cuidado_do_produto-para-melhor-conservacao-guardar-em-local-seco-e-ventilado","12":"cuidado_do_produto-recomendado-o-uso-de-detergente-suave","13":"cuidado_do_produto-secar-a-sombra-para-preservar-a-cor-e-a-textura","14":"cuidado_do_produto-secar-na-maquina","15":"origem_do_produto-concebido-com-criterio-num-processo-alinhado-com-valores-de-responsabilidade-e-detalhe","16":"origem_do_produto-desenhado-com-identidade-propria-refletindo-a-visao-estetica-e-sensivel-do-criador-da-peca","17":"origem_do_produto-fabricado-em-portugal","18":"origem_do_produto-nascido-num-circuito-de-producao-local-com-foco-no-saber-fazer-e-na-proximidade","19":"origem_do_produto-produzido-com-fibras-naturais-criteriosamente-selecionadas-para-garantir-conforto-durabilidade-e-autenticidade","21":"first","22":"instock","23":"taxable","24":"shipping-taxable","25":"purchasable","26":"product-type-simple"},"_links":{"self":[{"href":"https:\/\/camaemponto.com\/es\/wp-json\/wp\/v2\/product\/3847","targetHints":{"allow":["GET"]}}],"collection":[{"href":"https:\/\/camaemponto.com\/es\/wp-json\/wp\/v2\/product"}],"about":[{"href":"https:\/\/camaemponto.com\/es\/wp-json\/wp\/v2\/types\/product"}],"wp:featuredmedia":[{"embeddable":true,"href":"https:\/\/camaemponto.com\/es\/wp-json\/wp\/v2\/media\/3848"}],"wp:attachment":[{"href":"https:\/\/camaemponto.com\/es\/wp-json\/wp\/v2\/media?parent=3847"}],"wp:term":[{"taxonomy":"product_brand","embeddable":true,"href":"https:\/\/camaemponto.com\/es\/wp-json\/wp\/v2\/product_brand?post=3847"},{"taxonomy":"product_cat","embeddable":true,"href":"https:\/\/camaemponto.com\/es\/wp-json\/wp\/v2\/product_cat?post=3847"},{"taxonomy":"product_tag","embeddable":true,"href":"https:\/\/camaemponto.com\/es\/wp-json\/wp\/v2\/product_tag?post=3847"},{"taxonomy":"cuidado_do_produto","embeddable":true,"href":"https:\/\/camaemponto.com\/es\/wp-json\/wp\/v2\/cuidado_do_produto?post=3847"},{"taxonomy":"origem_do_produto","embeddable":true,"href":"https:\/\/camaemponto.com\/es\/wp-json\/wp\/v2\/origem_do_produto?post=3847"}],"curies":[{"name":"wp","href":"https:\/\/api.w.org\/{rel}","templated":true}]}}

Funda de cojín Flemming

<p>La funda de cojín Flemming naranja teja ha sido creada para complementar el ambiente del dormitorio con comodidad, color y armonía. Su color naranja teja añade profundidad y elegancia a la decoración, actuando como un suave acento sobre camas, sillones o sofás.</p>
<p>Compuesta de lino 53% y algodón 47%, tiene una textura natural, ligera y agradable al tacto. El acabado de lavado en prenda le confiere una suavidad inmediata y un aspecto ligeramente envejecido que acentúa el carácter artesanal único de la prenda. El peso de 215 g/m² refuerza la calidad del tejido, garantizando durabilidad, transpirabilidad y comodidad en el uso diario.</p>
<p>Con unas medidas de 50×70 cm, esta funda se adapta a la mayoría de los cojines rectangulares, creando una composición equilibrada cuando se utiliza sola o junto con la colcha Flemming. Es fácil de cuidar, resistente y está diseñada para conservar su tacto suave y su color con el paso del tiempo.</p>
<p>La funda de cojín teja naranja Flemming es ideal para quienes buscan un detalle que transforme su espacio con sencillez, calidad y un diseño que combina naturalidad y elegancia.</p>
<p>&nbsp;</p>

<p>A capa de almofada laranja telha Flemming foi criada para complementar o ambiente do quarto com conforto, cor e harmonia. O seu tom laranja telha adiciona profundidade e elegância à decoração, funcionando como um destaque suave em camas, poltronas ou sofás. Com composição de 53% linho e 47% algodão, apresenta uma textura natural, leve e agradável ao toque. O acabamento garment wash confere suavidade imediata e um aspeto ligeiramente vivido, que valoriza o caráter artesanal e único da peça. A gramagem de 215 g/m² reforça a qualidade do tecido, garantindo durabilidade, respirabilidade e conforto em uso diário. Com 50&#215;70 cm, esta capa adapta-se à maioria das almofadas retangulares, criando uma composição equilibrada quando usada isoladamente ou em conjunto com a colcha Flemming. É uma peça fácil de cuidar, resistente e pensada para manter o toque macio e a cor com o passar do tempo. A capa de almofada laranja telha Flemming é ideal para quem procura um detalhe que transforma o espaço com simplicidade, qualidade e um design que combina naturalidade e elegância. &nbsp;</p>
